2.
2, 7, 109, 239, 283
List the prime factors of 60285006.
2, 3, 41, 73, 373
What are the prime factors of 2105958242?
2, 1052979121
List the prime factors of 424688428.
2, 47, 2258981
List the prime factors of 202183780.
2, 5, 10109189
List the prime factors of 8960300068.
2, 2240075017
List the prime factors of 38636473.
37, 41, 25469
What are the prime factors of 905356721?
2689, 336689
What are the prime factors of 59318973?
3, 7, 43, 811
List the prime factors of 122356799.
419, 292021
What are the prime factors of 2209087566?
2, 3, 7, 1948049
List the prime factors of 40475776.
2, 11, 17, 19, 89
List the prime factors of 2010010226.
2, 7, 151, 950809
List the prime factors of 209872375.
5, 1678979
What are the prime factors of 1598572?
2, 399643
What are the prime factors of 421054854?
2, 3, 11, 6379619
List the prime factors of 113498514.
2, 3, 19, 23, 47, 307
List the prime factors of 23141940.
2, 3, 5, 127, 3037
List the prime factors of 33049262.
2, 16524631
List the prime factors of 5013309603.
3, 1671103201
What are the prime factors of 53821371?
3, 17, 1055321
List the prime factors of 250906047.
3, 7, 137, 87211
What are the prime factors of 847155440?
2, 5, 10589443
What are the prime factors of 165626583?
3, 31, 43, 83, 499
What are the prime factors of 14658863?
67, 137, 1597
List the prime factors of 24005285.
5, 4801057
What are the prime factors of 295668682?
2, 4153, 35597
List the prime factors of 442499663.
503, 879721
What are the prime factors of 3585022871?
3585022871
What are the prime factors of 317228184?
2, 3, 7, 13, 16139
What are the prime factors of 153780666?
2, 3, 13, 53, 37199
What are the prime factors of 124216115?
5, 24843223
List the prime factors of 3933005906.
2, 113, 17402681
List the prime factors of 318255689.
318255689
What are the prime factors of 1146760752?
2, 3, 23890849
What are the prime factors of 457141171?
457141171
List the prime factors of 1740201778.
2, 7, 61, 291101
What are the prime factors of 943386557?
943386557
What are the prime factors of 446263402?
2, 13, 47, 107, 3413
List the prime factors of 153647359.
83, 1851173
List the prime factors of 3458282243.
13, 5953, 44687
What are the prime factors of 113942607?
3, 37980869
What are the prime factors of 151929260?
2, 5, 7, 23, 29, 1627
List the prime factors of 3761430979.
41, 91742219
What are the prime factors of 491294413?
491294413
What are the prime factors of 3896303077?
19, 9059, 22637
What are the prime factors of 583000940?
2, 5, 19, 1534213
List the prime factors of 10320587.
619, 16673
List the prime factors of 523481252.
2, 7, 31, 683, 883
What are the prime factors of 14634861?
3, 179, 27253
What are the prime factors of 979944460?
2, 5, 11, 4454293
List the prime factors of 483753780.
2, 3, 5, 2687521
What are the prime factors of 156356454?
2, 3, 26059409
What are the prime factors of 13465497?
3, 4488499
What are the prime factors of 1492020229?
7, 503, 423749
List the prime factors of 118983482.
2, 59491741
List the prime factors of 915669348.
2, 3, 11, 43, 161323
What are the prime factors of 115685548?
2, 11, 59, 44563
What are the prime factors of 70962454?
2, 17, 19, 109849
List the prime factors of 8489322730.
2, 5, 7, 43, 2820373
List the prime factors of 6827918.
2, 23, 151, 983
List the prime factors of 7300868.
2, 1825217
What are the prime factors of 20870095?
5, 71, 58789
List the prime factors of 423785719.
7, 3761, 16097
List the prime factors of 152072959.
8641, 17599
List the prime factors of 46111210.
2, 5, 251, 18371
What are the prime factors of 271115049?
3, 61, 1481503
What are the prime factors of 21947132?
2, 31, 379, 467
List the prime factors of 402449576.
2, 521, 96557
List the prime factors of 17373800.
2, 5, 86869
List the prime factors of 624939975.
3, 5, 11, 17, 4951
What are the prime factors of 17524294?
2, 29, 302143
What are the prime factors of 1091665743?
3, 7, 51984083
List the prime factors of 93812145.
3, 5, 7, 893449
What are the prime factors of 86817862?
2, 599, 72469
List the prime factors of 969364212.
2, 3, 1093, 73907
List the prime factors of 96124691.
13, 827, 8941
List the prime factors of 8600969.
13, 661613
List the prime factors of 707063474.
2, 13, 1307, 20807
List the prime factors of 153937289.
11, 31, 41039
List the prime factors of 21978569.
17, 1292857
What are the prime factors of 29688914?
2, 14844457
List the prime factors of 383343757.
383343757
List the prime factors of 597404930.
2, 5, 29, 563, 3659
List the prime factors of 1565026.
2, 37, 21149
What are the prime factors of 3591193798?
2, 17, 9013, 11719
What are the prime factors of 1408993410?
2, 3, 5, 11, 4269677
What are the prime factors of 4851858111?
3, 1617286037
What are the prime factors of 113987679?
3, 13, 2922761
List the prime factors of 210092741.
23, 281, 32507
What are the prime factors of 62157657?
3, 2741, 7559
List the prime factors of 2456548913.
7, 13, 26995043
What are the prime factors of 49157635?
5, 9831527
List the prime factors of 104616766.
2, 52308383
List the prime factors of 580969378.
2, 11, 1319, 20021
List the prime factors of 280902616.
2, 293, 119839
What are the prime factors of 2409127733?
41, 58759213
List the prime factors of 744787343.
67, 11116229
What are the prime factors of 8607552?
2, 3, 127, 353
List the prime factors of 1514553603.
3, 12893, 39157
List the prime factors of 675237733.
41, 641, 25693
List the prime factors of 5148961.
127, 40543
List the prime factors of 34177352.
2, 11, 19, 20441
What are the prime factors of 1117424391?
3, 569, 654613
List the prime factors of 2994645428.
2, 61, 3187, 3851
List the prime factors of 1610387328.
2, 3, 11, 461, 827
List the prime factors of 840392125.
5, 79, 85103
List the prime factors of 5340874500.
2, 3, 5, 13, 91297
What are the prime factors of 294555974?
2, 17, 19, 455969
List the prime factors of 498173076.
2, 3, 53, 191, 1367
What are the prime factors of 29466776?
2, 937, 3931
What are the prime factors of 42917238?
2, 3, 7, 13, 19, 197
List the prime factors of 115048912.
2, 11, 653687
List the prime factors of 804501346.
2, 11, 36568243
What are the prime factors of 1571115897?
3, 13, 43, 59, 67, 79
What are the prime factors of 380369727?
3, 1283, 32941
What are the prime factors of 25439098?
2, 12719549
List the prime factors of 288593686.
2, 144296843
What are the prime factors of 2066124399?
3, 1063, 647891
What are the prime factors of 502942602?
2, 3, 67, 1251101
What are the prime factors of 58272722?
2, 29136361
List the prime factors of 129463155.
3, 5, 2876959
What are the prime factors of 350850522?
2, 3, 11, 17, 312701
List the prime factors of 1447514.
2, 31, 37, 631
List the prime factors of 150376365.
3, 5, 1113899
List the prime factors of 121794154.
2, 17, 23, 155747
List the prime factors of 4080445904.
2, 255027869
List the prime factors of 169821363.
3, 56607121
List the prime factors of 2882368852.
2, 11, 65508383
List the prime factors of 2038238815.
5, 407647763
What are the prime factors of 51400642?
2, 25700321
List the prime factors of 761000531.
173, 433, 10159
What are the prime factors of 4122489728?
2, 7, 4600993
What are the prime factors of 962238295?
5, 31, 6207989
What are the prime factors of 2701167423?
3, 31, 1279, 22709
What are the prime factors of 474025408?
2, 107, 69221
What are the prime factors of 169753756?
2, 42438439
What are the prime factors of 2864925907?
8807, 325301
List the prime factors of 19129491.
3, 23, 92413
List the prime factors of 198656587.
31, 6408277
What are the prime factors of 17692552?
2, 29, 76261
What are the prime factors of 3303532346?
2, 37, 44642329
What are the prime factors of 149836450?
2, 5, 2996729
What are the prime factors of 43519376?
2, 983, 2767
List the prime factors of 451030912.
2, 113, 31183
What are the prime factors of 602292627?
3, 6197, 10799
What are the prime factors of 105112658?
2, 7, 7508047
What are the prime factors of 792519031?
223, 1231, 2887
What are the prime factors of 3385291158?
2, 3, 17, 1229227
List the prime factors of 50808404.
2, 149, 163, 523
What are the prime factors of 4006264562?
2, 2003132281
List the prime factors of 2496710876.
2, 11, 47, 1207307
List the prime factors o